{"id":951,"date":"2022-03-12T23:10:34","date_gmt":"2022-03-12T22:10:34","guid":{"rendered":"https:\/\/www.swingnblues-wuerzburg.de\/?page_id=951"},"modified":"2022-03-28T23:37:46","modified_gmt":"2022-03-28T21:37:46","slug":"26-27-maerz-lindy-hop-pieces-mit-andreas-hoppe","status":"publish","type":"page","link":"https:\/\/www.swingnblues-wuerzburg.de\/index.php\/26-27-maerz-lindy-hop-pieces-mit-andreas-hoppe\/","title":{"rendered":"Lindy Hop-Pieces mit Andreas Hoppe"},"content":{"rendered":"\n<p>Erlebe f\u00fcnf 75-min\u00fctige Stunden, die Deinen Tanz zu einem wahren Lindy Hop werden lassen. Der Lindy Hop l\u00e4sst sich (wie jeder Tanz) aus mehreren Puzzleteilen zusammensetzen und dazu geh\u00f6ren nicht nur die Schritte. An diesem Wochenende stehen daher nicht einzelne Figuren und Schrittfolgen im Vordergrund, sondern andere Facetten des Lindy Hop. Der Workshop ist unter anderem f\u00fcr feste Tanzpaare besonders interessant (vor allem der Sonntag). Alle Stunden sind auch einzeln buchbar.<\/p>\n\n\n\n<p><\/p>\n\n\n\n<h2 class=\"has-text-color wp-block-heading\" style=\"color:#a90519;font-size:26px\">PROGRAMM<\/h2>\n\n\n\n<p class=\"has-medium-font-size\"><strong>SAMSTAG, 26. M\u00c4RZ 2022<\/strong><\/p>\n\n\n\n<p class=\"has-text-color\" style=\"color:#a90519\"><strong>Stunde 1 \u2013 14.00-15.15 Uhr: \u201ePut some \u2026 in your Lindy\u201c<\/strong><\/p>\n\n\n\n<p>Lindy Hop ist kreativ und individuell! Er entwickelt sich immer weiter. In dieser Stunde lassen wir Schritte und Figuren aus anderen Tanzstilen in den Lindy Hop einflie\u00dfen. Vorerfahrung in anderen T\u00e4nzen ist nicht n\u00f6tig.<\/p>\n\n\n\n<p class=\"has-text-color\" style=\"color:#a90519\"><strong>Stunde 2 &#8211; 15.30-16.45 Uhr: Body Leading<\/strong><\/p>\n\n\n\n<p>In dieser Stunde lernst Du als Leader*in, wie Du im Lindy einf\u00fchlsam f\u00fchrst. Als Follower*in lernst Du nicht nur, auf die kleinen Zeichen der F\u00fchrung durch Leader*innen zu achten, sondern auch, wie Du den Tanz beeinflusst. Obwohl F\u00fchrungsimpulse \u00fcber die Arme kommen, ist das Wichtigste im Lindy Hop die (Ober)K\u00f6rperhaltung. Man spricht von Body Leading.<\/p>\n\n\n\n<p class=\"has-text-color\" style=\"color:#a90519\"><strong>Stunde 3 &#8211; 17.00-18.15 Uhr: Endings<\/strong><\/p>\n\n\n\n<p>Ein kr\u00f6nender Abschluss f\u00fcr eindrucksvollen Lindy Hop ist eine Endfigur oder Endpose, die auf den letzten Takten getanzt beziehungsweise eingenommen wird. In dieser Stunde stellen wir Dir einige Endposen\/figuren vor und zeigen Dir, woran Du erkennest, dass das Lied gleich zu Ende ist.<\/p>\n\n\n\n<p class=\"has-medium-font-size\"><strong>SONNTAG, 27. M\u00c4RZ 2022<\/strong><\/p>\n\n\n\n<p class=\"has-text-color\" style=\"color:#a90519\"><strong>Stunde 4 &#8211; 11.00-12.15 Uhr: Paararbeit<\/strong><\/p>\n\n\n\n<p>Ein Charme des Swingtanzes besteht darin, dass wir die Partner*innen oft wechseln. In dieser Stunde bleiben wir aber als Paar zusammen. So wollen wir intensiver an dem Zusammenspiel von Lead und Follow arbeiten. An dieser Stunde k\u00f6nnt Ihr als bestehendes Paar teilnehmen. Aber Du kannst Dich auch als Einzelperson anmelden; wir stellen am Stundenanfang Paare zusammen.<\/p>\n\n\n\n<p class=\"has-text-color\" style=\"color:#a90519\"><strong>Stunde 5 \u2013 12.30-13.45 Uhr: \u201eWho is leading and when?\u201c<\/strong><\/p>\n\n\n\n<p>Anders als in den meisten Standardt\u00e4nzen haben Follows im Lindy Hop ebenfalls viel Gestaltungsspielraum. In dieser Stunde befassen wir uns daher damit, wann und wie auch Follower*innen F\u00fchrungsimpulse geben k\u00f6nnen und wie Leader*innen darauf reagieren k\u00f6nnen.<\/p>\n\n\n\n<p class=\"has-text-color has-medium-font-size\" style=\"color:#a90519\"><strong>Ab 15 Uhr Tea Dance!<\/strong><\/p>\n\n\n\n<p><\/p>\n\n\n\n<p><\/p>\n\n\n\n<h2 class=\"has-text-color wp-block-heading\" style=\"color:#a90519;font-size:26px\">ZIELGRUPPE<\/h2>\n\n\n\n<p>F\u00fcr Anf\u00e4nger*innen und Fortgeschrittene aller Level geeignet. Du solltest Dich in den Grundschritten (8-Count, 6-Count, Charleston) sicher f\u00fchlen und am besten schon einige Figuren kennen. Auch als erfahrene*r T\u00e4nzer*in bekommst Du in diesem Workshop neue Impulse.<\/p>\n\n\n\n<h2 class=\"has-text-color wp-block-heading\" style=\"color:#a90519;font-size:26px\">TRAINER<\/h2>\n\n\n\n<p>Andreas Hoppe. Andreas ist langj\u00e4hriger T\u00e4nzer, Teacher und Veranstalter (u.a. <a href=\"https:\/\/www.moselhop.de\/\">https:\/\/www.moselhop.de<\/a>). Er ist Gr\u00fcnder von Swing Connects (<a href=\"https:\/\/www.swingconnects.com\/\">https:\/\/www.swingconnects.com\/<\/a>) und Mitgr\u00fcnder des K\u00f6lner Vereins Swingin\u00b4Pool Cologne (<a href=\"https:\/\/swinginpoolcologne.de\/\">https:\/\/swinginpoolcologne.de\/<\/a>).<\/p>\n\n\n\n<figure class=\"wp-block-image size-large is-resized is-style-rounded\"><img loading=\"lazy\" decoding=\"async\" src=\"https:\/\/www.swingnblues-wuerzburg.de\/wp-content\/uploads\/2022\/03\/PIC-ANDREASHOPPE2-986x1024.jpg\" alt=\"\" class=\"wp-image-965\" width=\"356\" height=\"370\" srcset=\"https:\/\/www.swingnblues-wuerzburg.de\/wp-content\/uploads\/2022\/03\/PIC-ANDREASHOPPE2-986x1024.jpg 986w, https:\/\/www.swingnblues-wuerzburg.de\/wp-content\/uploads\/2022\/03\/PIC-ANDREASHOPPE2-289x300.jpg 289w, https:\/\/www.swingnblues-wuerzburg.de\/wp-content\/uploads\/2022\/03\/PIC-ANDREASHOPPE2-768x797.jpg 768w, https:\/\/www.swingnblues-wuerzburg.de\/wp-content\/uploads\/2022\/03\/PIC-ANDREASHOPPE2-830x862.jpg 830w, https:\/\/www.swingnblues-wuerzburg.de\/wp-content\/uploads\/2022\/03\/PIC-ANDREASHOPPE2-230x239.jpg 230w, https:\/\/www.swingnblues-wuerzburg.de\/wp-content\/uploads\/2022\/03\/PIC-ANDREASHOPPE2-350x363.jpg 350w, https:\/\/www.swingnblues-wuerzburg.de\/wp-content\/uploads\/2022\/03\/PIC-ANDREASHOPPE2-480x498.jpg 480w, https:\/\/www.swingnblues-wuerzburg.de\/wp-content\/uploads\/2022\/03\/PIC-ANDREASHOPPE2.jpg 1412w\" sizes=\"auto, (max-width: 356px) 100vw, 356px\" \/><figcaption>Andreas Hoppe<\/figcaption><\/figure>\n\n\n\n<h2 class=\"has-text-color wp-block-heading\" style=\"color:#a90519;font-size:26px\">PREISE<\/h2>\n\n\n\n<p> 10 Euro pro Einzelstunde, bei 3 Stunden 25 Euro, bei Buchung aller 5 Stunden 40 Euro<\/p>\n\n\n\n<h2 class=\"has-text-color wp-block-heading\" style=\"color:#a90519;font-size:26px\">COVID19<\/h2>\n\n\n\n<p>2G Plus und Schnelltests F\u00dcR ALLE (auch f\u00fcr Geboosterte), aber OHNE verpflichtende Maske. Allerdings kann es sein, dass wir die Hygieneregeln kurzfristig anpassen m\u00fcssen. Eine Abmeldung oder sp\u00e4te Anmeldung ist dann nat\u00fcrlich m\u00f6glich.<\/p>\n\n\n\n<h2 class=\"has-text-color wp-block-heading\" style=\"color:#a90519;font-size:26px\">ORT<\/h2>\n\n\n\n<p>W\u00fcrzburg, Atelier Templiner in der Mainaustra\u00dfe 50<\/p>\n\n\n\n<h2 class=\"has-text-color wp-block-heading\" style=\"color:#a90519;font-size:26px\">ANMELDUNG<\/h2>\n\n\n\n<p>Dir juckt\u00b4s schon in den F\u00fc\u00dfen und Du willst mittanzen? Dann melde Dich <a href=\"https:\/\/docs.google.com\/forms\/d\/e\/1FAIpQLSeh5OE85_TDZmkYyxZokQv-4Pmh43Od3ZlfV7tFlPaNiI_ptg\/viewform\">hier<\/a> an!<\/p>\n\n\n\n<p>Du hast noch Fragen? Dann schicke uns eine <a href=\"info@swingblues-wuerzburg.de\">E-Mail<\/a>. <\/p>\n\n\n\n<p><strong>Anmeldeschluss:<\/strong> 24. M\u00e4rz, 15 Uhr<\/p>\n\n\n\n<p><\/p>\n","protected":false},"excerpt":{"rendered":"<p>Erlebe f\u00fcnf 75-min\u00fctige Stunden, die Deinen Tanz zu einem wahren Lindy Hop werden lassen. Der Lindy Hop l\u00e4sst sich (wie jeder Tanz) [&hellip;]<\/p>\n","protected":false},"author":2,"featured_media":968,"parent":0,"menu_order":0,"comment_status":"closed","ping_status":"closed","template":"page-templates\/page_fullwidth.php","meta":{"footnotes":""},"class_list":["post-951","page","type-page","status-publish","has-post-thumbnail","hentry"],"featured_image_src":"https:\/\/www.swingnblues-wuerzburg.de\/wp-content\/uploads\/2022\/03\/BannerbildLindyPieces.jpg","_links":{"self":[{"href":"https:\/\/www.swingnblues-wuerzburg.de\/index.php\/wp-json\/wp\/v2\/pages\/951","targetHints":{"allow":["GET"]}}],"collection":[{"href":"https:\/\/www.swingnblues-wuerzburg.de\/index.php\/wp-json\/wp\/v2\/pages"}],"about":[{"href":"https:\/\/www.swingnblues-wuerzburg.de\/index.php\/wp-json\/wp\/v2\/types\/page"}],"author":[{"embeddable":true,"href":"https:\/\/www.swingnblues-wuerzburg.de\/index.php\/wp-json\/wp\/v2\/users\/2"}],"replies":[{"embeddable":true,"href":"https:\/\/www.swingnblues-wuerzburg.de\/index.php\/wp-json\/wp\/v2\/comments?post=951"}],"version-history":[{"count":15,"href":"https:\/\/www.swingnblues-wuerzburg.de\/index.php\/wp-json\/wp\/v2\/pages\/951\/revisions"}],"predecessor-version":[{"id":2538,"href":"https:\/\/www.swingnblues-wuerzburg.de\/index.php\/wp-json\/wp\/v2\/pages\/951\/revisions\/2538"}],"wp:featuredmedia":[{"embeddable":true,"href":"https:\/\/www.swingnblues-wuerzburg.de\/index.php\/wp-json\/wp\/v2\/media\/968"}],"wp:attachment":[{"href":"https:\/\/www.swingnblues-wuerzburg.de\/index.php\/wp-json\/wp\/v2\/media?parent=951"}],"curies":[{"name":"wp","href":"https:\/\/api.w.org\/{rel}","templated":true}]}}