{"id":6652,"date":"2026-01-26T21:48:41","date_gmt":"2026-01-26T20:48:41","guid":{"rendered":"https:\/\/www.swingnblues-wuerzburg.de\/?page_id=6652"},"modified":"2026-04-27T21:55:24","modified_gmt":"2026-04-27T19:55:24","slug":"awareness-team","status":"publish","type":"page","link":"https:\/\/www.swingnblues-wuerzburg.de\/index.php\/awareness-team\/","title":{"rendered":"Awareness-Team"},"content":{"rendered":"\n<p>Lindy Hop lebt von Offenheit, N\u00e4he und Rollenvielfalt. Gleichzeitig entstehen dabei Situationen, in denen Menschen Unterst\u00fctzung brauchen \u2013 etwa bei <em>Grenzfragen, Unsicherheiten oder Diskriminierung<\/em>. Das Awareness-Team leistet einen Beitrag f\u00fcr einen unterst\u00fctzenden, respektvollen und sicheren Rahmen, ohne Tanzfreude oder Selbstverantwortung einzuschr\u00e4nken.<br><\/p>\n\n\n\n<h4 class=\"wp-block-heading\">Was ist das Awareness-Team?<\/h4>\n\n\n\n<p>Die Vertrauenspersonen des Teams sind eine <em>freiwillige<\/em> Anlaufstelle f\u00fcr alle Teilnehmenden von Kursen, Tanzabenden oder Festivals unseres Vereins. Sie sind pr\u00e4sent, ansprechbar und setzen sich f\u00fcr das Wohlbefinden der Tanzenden ein.<\/p>\n\n\n\n<h4 class=\"wp-block-heading\">Aufgaben<\/h4>\n\n\n<div class=\"wp-block-image\">\n<figure class=\"alignright size-full is-resized\"><img loading=\"lazy\" decoding=\"async\" width=\"491\" height=\"271\" src=\"https:\/\/www.swingnblues-wuerzburg.de\/wp-content\/uploads\/2025\/08\/Welcome-here-1.jpg\" alt=\"Everyone is welcome here\" class=\"wp-image-5842\" style=\"width:250px\" srcset=\"https:\/\/www.swingnblues-wuerzburg.de\/wp-content\/uploads\/2025\/08\/Welcome-here-1.jpg 491w, https:\/\/www.swingnblues-wuerzburg.de\/wp-content\/uploads\/2025\/08\/Welcome-here-1-300x166.jpg 300w, https:\/\/www.swingnblues-wuerzburg.de\/wp-content\/uploads\/2025\/08\/Welcome-here-1-230x127.jpg 230w, https:\/\/www.swingnblues-wuerzburg.de\/wp-content\/uploads\/2025\/08\/Welcome-here-1-350x193.jpg 350w, https:\/\/www.swingnblues-wuerzburg.de\/wp-content\/uploads\/2025\/08\/Welcome-here-1-480x265.jpg 480w\" sizes=\"auto, (max-width: 491px) 100vw, 491px\" \/><\/figure>\n<\/div>\n\n\n<ul class=\"wp-block-list\">\n<li>Ansprechpersonen f\u00fcr unangenehme oder grenz\u00fcberschreitende Situationen<\/li>\n\n\n\n<li>Unterst\u00fctzung beim Formulieren und Durchsetzen eigener Grenzen<\/li>\n\n\n\n<li>Begleitung aus belastenden Momenten<\/li>\n\n\n\n<li>auf Wunsch Organisation eines moderierten Gespr\u00e4chs zur Kl\u00e4rung von Konflikten<\/li>\n\n\n\n<li>pr\u00e4ventive Pr\u00e4senz durch respektvolle Ansprache<\/li>\n<\/ul>\n\n\n\n<h4 class=\"wp-block-heading\">Grundprinzipien<\/h4>\n\n\n\n<p><strong>Freiwilligkeit \u00b7 Vertraulichkeit \u00b7 Transparenz \u00b7 Respekt \u00b7 Betroffenenorientierte Unterst\u00fctzung mit Raum f\u00fcr Kl\u00e4rung<\/strong><\/p>\n\n\n\n<h4 class=\"wp-block-heading\">Abgrenzung<\/h4>\n\n\n\n<p>Das Awarenessteam ist keine Security, keine Therapie und keine Ermittlungsstelle. Es spricht keine Sanktionen aus und ersetzt nicht den Vorstand, Veranstaltungsleitung oder Tanzlehrende. Es erg\u00e4nzt bestehende Strukturen um soziale und emotionale Unterst\u00fctzung.<\/p>\n\n\n\n<h5 class=\"wp-block-heading\">Wir freuen uns Dich in Person kennen zu lernen! Oder schreib uns einfach eine E-Mail: <a href=\"mailto:awareness@swingnblues-wuerzburg.de\">awareness@swingnblues-wuerzburg.de<\/a><\/h5>\n\n\n\n<h5 class=\"wp-block-heading\"><\/h5>\n\n\n<div class=\"wp-block-image\">\n<figure class=\"aligncenter size-full\"><img loading=\"lazy\" decoding=\"async\" width=\"851\" height=\"315\" src=\"https:\/\/www.swingnblues-wuerzburg.de\/wp-content\/uploads\/2026\/04\/Jana-Christoph-Tim-Kalle.png\" alt=\"\" class=\"wp-image-6855\" srcset=\"https:\/\/www.swingnblues-wuerzburg.de\/wp-content\/uploads\/2026\/04\/Jana-Christoph-Tim-Kalle.png 851w, https:\/\/www.swingnblues-wuerzburg.de\/wp-content\/uploads\/2026\/04\/Jana-Christoph-Tim-Kalle-300x111.png 300w, https:\/\/www.swingnblues-wuerzburg.de\/wp-content\/uploads\/2026\/04\/Jana-Christoph-Tim-Kalle-768x284.png 768w, https:\/\/www.swingnblues-wuerzburg.de\/wp-content\/uploads\/2026\/04\/Jana-Christoph-Tim-Kalle-230x85.png 230w, https:\/\/www.swingnblues-wuerzburg.de\/wp-content\/uploads\/2026\/04\/Jana-Christoph-Tim-Kalle-350x130.png 350w, https:\/\/www.swingnblues-wuerzburg.de\/wp-content\/uploads\/2026\/04\/Jana-Christoph-Tim-Kalle-480x178.png 480w\" sizes=\"auto, (max-width: 851px) 100vw, 851px\" \/><\/figure>\n<\/div>\n\n\n<p class=\"has-text-align-center\">Weitere Ansprechpersonen: Eva und Claudia H:<\/p>\n\n\n<div class=\"wp-block-image\">\n<figure class=\"aligncenter size-medium\"><img loading=\"lazy\" decoding=\"async\" width=\"300\" height=\"200\" src=\"https:\/\/www.swingnblues-wuerzburg.de\/wp-content\/uploads\/2026\/04\/IMG_7728-300x200.jpg\" alt=\"\" class=\"wp-image-6858\" srcset=\"https:\/\/www.swingnblues-wuerzburg.de\/wp-content\/uploads\/2026\/04\/IMG_7728-300x200.jpg 300w, https:\/\/www.swingnblues-wuerzburg.de\/wp-content\/uploads\/2026\/04\/IMG_7728-1024x683.jpg 1024w, https:\/\/www.swingnblues-wuerzburg.de\/wp-content\/uploads\/2026\/04\/IMG_7728-768x512.jpg 768w, https:\/\/www.swingnblues-wuerzburg.de\/wp-content\/uploads\/2026\/04\/IMG_7728-1536x1024.jpg 1536w, https:\/\/www.swingnblues-wuerzburg.de\/wp-content\/uploads\/2026\/04\/IMG_7728-2048x1365.jpg 2048w, https:\/\/www.swingnblues-wuerzburg.de\/wp-content\/uploads\/2026\/04\/IMG_7728-1000x667.jpg 1000w, https:\/\/www.swingnblues-wuerzburg.de\/wp-content\/uploads\/2026\/04\/IMG_7728-230x153.jpg 230w, https:\/\/www.swingnblues-wuerzburg.de\/wp-content\/uploads\/2026\/04\/IMG_7728-350x233.jpg 350w, https:\/\/www.swingnblues-wuerzburg.de\/wp-content\/uploads\/2026\/04\/IMG_7728-480x320.jpg 480w\" sizes=\"auto, (max-width: 300px) 100vw, 300px\" \/><\/figure>\n<\/div>","protected":false},"excerpt":{"rendered":"<p>Lindy Hop lebt von Offenheit, N\u00e4he und Rollenvielfalt. Gleichzeitig entstehen dabei Situationen, in denen Menschen Unterst\u00fctzung brauchen \u2013 etwa bei Grenzfragen, Unsicherheiten [&hellip;]<\/p>\n","protected":false},"author":5,"featured_media":0,"parent":0,"menu_order":0,"comment_status":"closed","ping_status":"closed","template":"page-templates\/page_fullwidth.php","meta":{"footnotes":""},"class_list":["post-6652","page","type-page","status-publish","hentry"],"featured_image_src":null,"_links":{"self":[{"href":"https:\/\/www.swingnblues-wuerzburg.de\/index.php\/wp-json\/wp\/v2\/pages\/6652","targetHints":{"allow":["GET"]}}],"collection":[{"href":"https:\/\/www.swingnblues-wuerzburg.de\/index.php\/wp-json\/wp\/v2\/pages"}],"about":[{"href":"https:\/\/www.swingnblues-wuerzburg.de\/index.php\/wp-json\/wp\/v2\/types\/page"}],"author":[{"embeddable":true,"href":"https:\/\/www.swingnblues-wuerzburg.de\/index.php\/wp-json\/wp\/v2\/users\/5"}],"replies":[{"embeddable":true,"href":"https:\/\/www.swingnblues-wuerzburg.de\/index.php\/wp-json\/wp\/v2\/comments?post=6652"}],"version-history":[{"count":23,"href":"https:\/\/www.swingnblues-wuerzburg.de\/index.php\/wp-json\/wp\/v2\/pages\/6652\/revisions"}],"predecessor-version":[{"id":6868,"href":"https:\/\/www.swingnblues-wuerzburg.de\/index.php\/wp-json\/wp\/v2\/pages\/6652\/revisions\/6868"}],"wp:attachment":[{"href":"https:\/\/www.swingnblues-wuerzburg.de\/index.php\/wp-json\/wp\/v2\/media?parent=6652"}],"curies":[{"name":"wp","href":"https:\/\/api.w.org\/{rel}","templated":true}]}}