{"id":606,"date":"2021-11-02T23:41:21","date_gmt":"2021-11-02T22:41:21","guid":{"rendered":"https:\/\/www.swingnblues-wuerzburg.de\/?page_id=606"},"modified":"2026-02-06T09:46:13","modified_gmt":"2026-02-06T08:46:13","slug":"social-dance","status":"publish","type":"page","link":"https:\/\/www.swingnblues-wuerzburg.de\/index.php\/social-dance\/","title":{"rendered":"Social Dance"},"content":{"rendered":"\n<p class=\"has-text-color\" style=\"color:#a90519\"><mark style=\"background-color:rgba(0, 0, 0, 0)\" class=\"has-inline-color has-black-color\">Der <strong>Social Dance<\/strong>, auch genannt Tanzabend oder freies Tanzen, findet mittwochs ab 18:45 &#8211; 19 Uhr und vor allem <strong>ab ca. 21:00 Uhr zu Swingmusik<\/strong> statt. Also zwischen und nach unseren Lindy Hop Kursen.<\/mark><\/p>\n\n\n\n<p>Schau bitte in unseren <a href=\"https:\/\/www.swingnblues-wuerzburg.de\/index.php\/veranstaltungen\/\" target=\"_blank\" rel=\"noreferrer noopener\">Veranstaltungskalender<\/a> f\u00fcr Ausnahmen!<\/p>\n\n\n\n<p>F\u00fcr die <strong>West Coast Swing Tanzenden<\/strong> gibt es am <strong>zweiten Samstag und letzten Sonntag im Monat<\/strong> einen Social, <a href=\"https:\/\/www.swingnblues-wuerzburg.de\/index.php\/west-coast-swing\/\" target=\"_blank\" rel=\"noreferrer noopener\">hier<\/a> findest Du mehr dazu!<\/p>\n\n\n\n<p><mark style=\"background-color:rgba(0, 0, 0, 0)\" class=\"has-inline-color has-black-color\">Beim Social d\u00fcrfen alle auffordern und miteinander tanzen, unabh\u00e4ngig vom Tanzlevel und Geschlecht. <\/mark>Bitte bringe Wechselschuhe und etwas zu trinken mit!<\/p>\n\n\n\n<p>Preis: nach dem Spendenprinzip &#8222;Pay what you want &amp; can&#8220; mit einem Orientierungspreis von 3 \u20ac. Vereinsmitglieder kostenfrei.<\/p>\n\n\n\n<p>F\u00fcr <strong>weitere unregelm\u00e4\u00dfige Social Dance-Veranstaltungen <\/strong>schau am besten in unserem <a href=\"https:\/\/www.swingnblues-wuerzburg.de\/index.php\/veranstaltungen\/\" target=\"_blank\" rel=\"noreferrer noopener\">Veranstaltungskalender<\/a> nach oder unter &#8222;<a href=\"https:\/\/www.swingnblues-wuerzburg.de\/index.php\/workshops-live-musik\/\" target=\"_blank\" rel=\"noreferrer noopener\">Mittanzen-Special Events<\/a>&#8222;.<\/p>\n\n\n\n<p><\/p>\n\n\n\n<p><strong>Adresse<\/strong> f\u00fcr die Social Dances:<br><a href=\"https:\/\/www.swingnblues-wuerzburg.de\/index.php\/locations\/kleks-haus-wuerzburg\/\" target=\"_blank\" rel=\"noreferrer noopener\"> K.L.E.K.S in Gromb\u00fchl <\/a><br> Matterstockstra\u00dfe 32,<br> 97080 W\u00fcrzburg<\/p>\n\n\n\n<p>Eine interaktive Karte mit besonders hervorgehobenen Orten wie \u00f6ffentliche Verkehrsmittel, Parkpl\u00e4tze, Restaurants und Superm\u00e4rkte findest du <a href=\"https:\/\/www.google.com\/maps\/d\/viewer?mid=1Dxj9vooUSx9Ti0cUMn5RM8nNxXw-RNw&amp;usp=sharing\">hier<\/a>.<\/p>\n\n\n\n<p><br><\/p>\n\n\n\n<p><\/p>\n","protected":false},"excerpt":{"rendered":"<p>Der Social Dance, auch genannt Tanzabend oder freies Tanzen, findet mittwochs ab 18:45 &#8211; 19 Uhr und vor allem ab ca. 21:00 [&hellip;]<\/p>\n","protected":false},"author":2,"featured_media":6574,"parent":0,"menu_order":0,"comment_status":"closed","ping_status":"closed","template":"page-templates\/page_fullwidth.php","meta":{"footnotes":""},"class_list":["post-606","page","type-page","status-publish","has-post-thumbnail","hentry"],"featured_image_src":"https:\/\/www.swingnblues-wuerzburg.de\/wp-content\/uploads\/2025\/12\/IMG_7846-Kopie.jpg","_links":{"self":[{"href":"https:\/\/www.swingnblues-wuerzburg.de\/index.php\/wp-json\/wp\/v2\/pages\/606","targetHints":{"allow":["GET"]}}],"collection":[{"href":"https:\/\/www.swingnblues-wuerzburg.de\/index.php\/wp-json\/wp\/v2\/pages"}],"about":[{"href":"https:\/\/www.swingnblues-wuerzburg.de\/index.php\/wp-json\/wp\/v2\/types\/page"}],"author":[{"embeddable":true,"href":"https:\/\/www.swingnblues-wuerzburg.de\/index.php\/wp-json\/wp\/v2\/users\/2"}],"replies":[{"embeddable":true,"href":"https:\/\/www.swingnblues-wuerzburg.de\/index.php\/wp-json\/wp\/v2\/comments?post=606"}],"version-history":[{"count":64,"href":"https:\/\/www.swingnblues-wuerzburg.de\/index.php\/wp-json\/wp\/v2\/pages\/606\/revisions"}],"predecessor-version":[{"id":6714,"href":"https:\/\/www.swingnblues-wuerzburg.de\/index.php\/wp-json\/wp\/v2\/pages\/606\/revisions\/6714"}],"wp:featuredmedia":[{"embeddable":true,"href":"https:\/\/www.swingnblues-wuerzburg.de\/index.php\/wp-json\/wp\/v2\/media\/6574"}],"wp:attachment":[{"href":"https:\/\/www.swingnblues-wuerzburg.de\/index.php\/wp-json\/wp\/v2\/media?parent=606"}],"curies":[{"name":"wp","href":"https:\/\/api.w.org\/{rel}","templated":true}]}}