{"id":5253,"date":"2025-04-13T12:04:04","date_gmt":"2025-04-13T10:04:04","guid":{"rendered":"https:\/\/www.swingnblues-wuerzburg.de\/?page_id=5253"},"modified":"2025-10-06T19:21:45","modified_gmt":"2025-10-06T17:21:45","slug":"tea-dance-swing-tee-sonnenschein","status":"publish","type":"page","link":"https:\/\/www.swingnblues-wuerzburg.de\/index.php\/tea-dance-swing-tee-sonnenschein\/","title":{"rendered":"Tea Dance \u2013 Swing, Tee &amp; ganz viel Tanz!"},"content":{"rendered":"\n<p><br>Lust auf Tanz, Tee und die goldene Eleganz vergangener Zeiten? Beim <strong>Tea Dance<\/strong> verbinden wir klassischen Swingtanz mit entspannter Nachmittagsatmosph\u00e4re. Ob Lindy Hop, WCS, Balboa oder einfach nur ein bisschen Boogie \u2013 schnapp dir deine Tanzschuhe und bringe etwas f\u00fcrs Buffet sowie Getr\u00e4nke deiner Wahl mit. Genie\u00dfe duftenden Tee, oder aromatischen Kaffee zusammen mit k\u00f6stlichen Kuchen oder deftige Snacks mit der besten Musik der 30er und 40er.<br>Ein Nachmittag zum Genie\u00dfen, Tanzen und Vernetzen \u2013 ganz im Stil der alten Swing-Tradition.<\/p>\n\n\n\n<p><strong>Let\u2019s swing the afternoon away!<\/strong><\/p>\n","protected":false},"excerpt":{"rendered":"<p>Lust auf Tanz, Tee und die goldene Eleganz vergangener Zeiten? Beim Tea Dance verbinden wir klassischen Swingtanz mit entspannter Nachmittagsatmosph\u00e4re. Ob Lindy [&hellip;]<\/p>\n","protected":false},"author":5,"featured_media":1118,"parent":0,"menu_order":0,"comment_status":"closed","ping_status":"closed","template":"page-templates\/page_fullwidth.php","meta":{"footnotes":""},"class_list":["post-5253","page","type-page","status-publish","has-post-thumbnail","hentry"],"featured_image_src":"https:\/\/www.swingnblues-wuerzburg.de\/wp-content\/uploads\/2022\/04\/AdobeStock_117767499sebboy12_kleinneu.jpg","_links":{"self":[{"href":"https:\/\/www.swingnblues-wuerzburg.de\/index.php\/wp-json\/wp\/v2\/pages\/5253","targetHints":{"allow":["GET"]}}],"collection":[{"href":"https:\/\/www.swingnblues-wuerzburg.de\/index.php\/wp-json\/wp\/v2\/pages"}],"about":[{"href":"https:\/\/www.swingnblues-wuerzburg.de\/index.php\/wp-json\/wp\/v2\/types\/page"}],"author":[{"embeddable":true,"href":"https:\/\/www.swingnblues-wuerzburg.de\/index.php\/wp-json\/wp\/v2\/users\/5"}],"replies":[{"embeddable":true,"href":"https:\/\/www.swingnblues-wuerzburg.de\/index.php\/wp-json\/wp\/v2\/comments?post=5253"}],"version-history":[{"count":4,"href":"https:\/\/www.swingnblues-wuerzburg.de\/index.php\/wp-json\/wp\/v2\/pages\/5253\/revisions"}],"predecessor-version":[{"id":5929,"href":"https:\/\/www.swingnblues-wuerzburg.de\/index.php\/wp-json\/wp\/v2\/pages\/5253\/revisions\/5929"}],"wp:featuredmedia":[{"embeddable":true,"href":"https:\/\/www.swingnblues-wuerzburg.de\/index.php\/wp-json\/wp\/v2\/media\/1118"}],"wp:attachment":[{"href":"https:\/\/www.swingnblues-wuerzburg.de\/index.php\/wp-json\/wp\/v2\/media?parent=5253"}],"curies":[{"name":"wp","href":"https:\/\/api.w.org\/{rel}","templated":true}]}}