{"id":4758,"date":"2025-02-12T12:25:25","date_gmt":"2025-02-12T11:25:25","guid":{"rendered":"https:\/\/www.swingnblues-wuerzburg.de\/?page_id=4758"},"modified":"2025-02-21T15:45:37","modified_gmt":"2025-02-21T14:45:37","slug":"23-2-25-blues-workshop","status":"publish","type":"page","link":"https:\/\/www.swingnblues-wuerzburg.de\/index.php\/23-2-25-blues-workshop\/","title":{"rendered":"23. Februar: Blues Workshop"},"content":{"rendered":"\n<p>Neugierig mit Blues anzufangen oder Deine ersten Erfahrungen zu erweitern? Wir bekommen Besuch  von Veronika aus N\u00fcrnberg, welche mit Heiko zusammen uns einen kleinen Workshop anbieten wird. Dieser ist f\u00fcr alle interessierten Personen geeignet, also all Level und somit auch f\u00fcr Dich!  <\/p>\n\n\n\n<p>Blues hat als Musik eine gro\u00dfe Vielfalt an Stilen und Subgenres. Dementsprechend gibt es eine ebenso gro\u00dfe Vielfalt darauf zu tanzen. Ob in der offenen, geschlossen Haltung oder auch in enger Umarmung (Close embrace) ist hierbei Dir \u00fcberlassen. <\/p>\n\n\n\n<div class=\"wp-block-columns is-layout-flex wp-container-core-columns-is-layout-9d6595d7 wp-block-columns-is-layout-flex\">\n<div class=\"wp-block-column is-layout-flow wp-block-column-is-layout-flow\" style=\"flex-basis:50%\">\n<figure class=\"wp-block-embed is-type-video is-provider-youtube wp-block-embed-youtube wp-embed-aspect-16-9 wp-has-aspect-ratio\"><div class=\"wp-block-embed__wrapper\">\n<iframe loading=\"lazy\" title=\"Blues Fever 2023 - Blues Idioms Teachers Introduction\" width=\"1170\" height=\"658\" src=\"https:\/\/www.youtube.com\/embed\/tdgUccKd-lo?feature=oembed\" frameborder=\"0\" allow=\"accelerometer; autoplay; clipboard-write; encrypted-media; gyroscope; picture-in-picture; web-share\" referrerpolicy=\"strict-origin-when-cross-origin\" allowfullscreen><\/iframe>\n<\/div><\/figure>\n<\/div>\n\n\n\n<div class=\"wp-block-column is-layout-flow wp-block-column-is-layout-flow\" style=\"flex-basis:50%\">\n<figure class=\"wp-block-embed is-type-video is-provider-youtube wp-block-embed-youtube wp-embed-aspect-16-9 wp-has-aspect-ratio\"><div class=\"wp-block-embed__wrapper\">\n<iframe loading=\"lazy\" title=\"Blues Fever 2024 - Teachers Presentation\" width=\"1170\" height=\"658\" src=\"https:\/\/www.youtube.com\/embed\/KfhCY0zK4bg?feature=oembed\" frameborder=\"0\" allow=\"accelerometer; autoplay; clipboard-write; encrypted-media; gyroscope; picture-in-picture; web-share\" referrerpolicy=\"strict-origin-when-cross-origin\" allowfullscreen><\/iframe>\n<\/div><\/figure>\n<\/div>\n<\/div>\n\n\n\n<div class=\"wp-block-columns is-layout-flex wp-container-core-columns-is-layout-9d6595d7 wp-block-columns-is-layout-flex\">\n<div class=\"wp-block-column is-layout-flow wp-block-column-is-layout-flow\"><\/div>\n\n\n\n<div class=\"wp-block-column is-layout-flow wp-block-column-is-layout-flow\"><\/div>\n<\/div>\n\n\n<div class=\"wp-block-ub-divider ub_divider ub-divider-orientation-horizontal\" id=\"ub_divider_3c6d991c-894e-43c6-8e23-c5bc19f88025\"><div class=\"ub_divider_wrapper\" style=\"position: relative; margin-bottom: 2px; width: 100%; height: 2px; \" data-divider-alignment=\"center\"><div class=\"ub_divider_line\" style=\"border-top: 2px solid #ccc; margin-top: 2px; \"><\/div><\/div><\/div>\n\n<div class=\"wp-block-ub-divider ub_divider ub-divider-orientation-horizontal\" id=\"ub_divider_4a7c3bf0-a1a2-4ca3-91c9-41ba91183f84\"><div class=\"ub_divider_wrapper\" style=\"position: relative; margin-bottom: 2px; width: 100%; height: 2px; \" data-divider-alignment=\"center\"><div class=\"ub_divider_line\" style=\"border-top: 2px solid #ccc; margin-top: 2px; \"><\/div><\/div><\/div>\n\n\n<p><\/p>\n\n\n\n<p><\/p>\n\n\n\n<p><strong>Unser Zeitplan:<\/strong><\/p>\n\n\n\n<p>Samstag: <a href=\"https:\/\/www.swingnblues-wuerzburg.de\/index.php\/22-2-25-switch-workshop-mit-anschliessender-party\/\">Lindy Hop Switch Workshop + Party<\/a><\/p>\n\n\n\n<p>Sonntag: 11 &#8211; 13 Uhr Blues Workshop<\/p>\n\n\n<div class=\"wp-block-ub-divider ub_divider ub-divider-orientation-horizontal\" id=\"ub_divider_b8cb561a-50d8-447d-b706-3b742c64643b\"><div class=\"ub_divider_wrapper\" style=\"position: relative; margin-bottom: 2px; width: 100%; height: 2px; \" data-divider-alignment=\"center\"><div class=\"ub_divider_line\" style=\"border-top: 2px solid #ccc; margin-top: 2px; \"><\/div><\/div><\/div>\n\n\n<p><strong>Interesse? <\/strong><\/p>\n\n\n\n<p>Keine Anmeldung mehr n\u00f6tig, einfach vorbeikommen wenn du die Levelbeschreibungen f\u00fcr Dich passend einordnest!<\/p>\n\n\n\n<p>Du bezahlst nach dem <strong>Pay what you can-Prinzip<\/strong>. Vor Ort gibt es eine Box, in welche Du <strong>vertrauensvoll <\/strong>dein Geld einwirfst. Je nach dem wie Du gerade Geld verf\u00fcgbar hast: <strong>Mehr oder weniger <\/strong>als der <strong>Orientierungspreis 15 \u20ac<\/strong> f\u00fcr den zweist\u00fcndigen Workshop. Wir zahlen hiervon Miete, Teacher und Gema.<\/p>\n\n\n\n<p><\/p>\n\n\n\n<p><strong>Vereinsmitglieder <\/strong>k\u00f6nnen ohne weiterer Zahlung an dieser Veranstaltung teilnehmen. Mehr dazu <a href=\"https:\/\/www.swingnblues-wuerzburg.de\/index.php\/mitglied-werden\/\">hier<\/a>.<\/p>\n\n\n\n<p><strong>Location:<\/strong><br><a href=\"https:\/\/www.swingnblues-wuerzburg.de\/index.php\/locations\/kleks-haus-wuerzburg\/\">K.L.E.K.S<\/a> in Gromb\u00fchl<br>Matterstockstra\u00dfe 32<br>97080 W\u00fcrzburg&nbsp;<\/p>\n\n\n<div class=\"wp-block-image\">\n<figure class=\"aligncenter size-large\"><a href=\"https:\/\/www.google.com\/maps\/d\/viewer?mid=1Dxj9vooUSx9Ti0cUMn5RM8nNxXw-RNw&amp;usp=sharing\"><img loading=\"lazy\" decoding=\"async\" width=\"1024\" height=\"603\" src=\"https:\/\/www.swingnblues-wuerzburg.de\/wp-content\/uploads\/2025\/02\/maps-1-1024x603.jpg\" alt=\"\" class=\"wp-image-4725\" srcset=\"https:\/\/www.swingnblues-wuerzburg.de\/wp-content\/uploads\/2025\/02\/maps-1-1024x603.jpg 1024w, https:\/\/www.swingnblues-wuerzburg.de\/wp-content\/uploads\/2025\/02\/maps-1-300x177.jpg 300w, https:\/\/www.swingnblues-wuerzburg.de\/wp-content\/uploads\/2025\/02\/maps-1-768x453.jpg 768w, https:\/\/www.swingnblues-wuerzburg.de\/wp-content\/uploads\/2025\/02\/maps-1-1000x589.jpg 1000w, https:\/\/www.swingnblues-wuerzburg.de\/wp-content\/uploads\/2025\/02\/maps-1-230x136.jpg 230w, https:\/\/www.swingnblues-wuerzburg.de\/wp-content\/uploads\/2025\/02\/maps-1-350x206.jpg 350w, https:\/\/www.swingnblues-wuerzburg.de\/wp-content\/uploads\/2025\/02\/maps-1-480x283.jpg 480w, https:\/\/www.swingnblues-wuerzburg.de\/wp-content\/uploads\/2025\/02\/maps-1.jpg 1193w\" sizes=\"auto, (max-width: 1024px) 100vw, 1024px\" \/><\/a><\/figure>\n<\/div>\n\n\n<p><\/p>\n\n\n\n<p><\/p>\n","protected":false},"excerpt":{"rendered":"<p>Neugierig mit Blues anzufangen oder Deine ersten Erfahrungen zu erweitern? Wir bekommen Besuch von Veronika aus N\u00fcrnberg, welche mit Heiko zusammen uns [&hellip;]<\/p>\n","protected":false},"author":5,"featured_media":0,"parent":0,"menu_order":0,"comment_status":"closed","ping_status":"closed","template":"page-templates\/page_fullwidth.php","meta":{"footnotes":""},"class_list":["post-4758","page","type-page","status-publish","hentry"],"featured_image_src":null,"_links":{"self":[{"href":"https:\/\/www.swingnblues-wuerzburg.de\/index.php\/wp-json\/wp\/v2\/pages\/4758","targetHints":{"allow":["GET"]}}],"collection":[{"href":"https:\/\/www.swingnblues-wuerzburg.de\/index.php\/wp-json\/wp\/v2\/pages"}],"about":[{"href":"https:\/\/www.swingnblues-wuerzburg.de\/index.php\/wp-json\/wp\/v2\/types\/page"}],"author":[{"embeddable":true,"href":"https:\/\/www.swingnblues-wuerzburg.de\/index.php\/wp-json\/wp\/v2\/users\/5"}],"replies":[{"embeddable":true,"href":"https:\/\/www.swingnblues-wuerzburg.de\/index.php\/wp-json\/wp\/v2\/comments?post=4758"}],"version-history":[{"count":6,"href":"https:\/\/www.swingnblues-wuerzburg.de\/index.php\/wp-json\/wp\/v2\/pages\/4758\/revisions"}],"predecessor-version":[{"id":4821,"href":"https:\/\/www.swingnblues-wuerzburg.de\/index.php\/wp-json\/wp\/v2\/pages\/4758\/revisions\/4821"}],"wp:attachment":[{"href":"https:\/\/www.swingnblues-wuerzburg.de\/index.php\/wp-json\/wp\/v2\/media?parent=4758"}],"curies":[{"name":"wp","href":"https:\/\/api.w.org\/{rel}","templated":true}]}}