{"id":4599,"date":"2025-01-22T22:49:56","date_gmt":"2025-01-22T21:49:56","guid":{"rendered":"https:\/\/www.swingnblues-wuerzburg.de\/?page_id=4599"},"modified":"2025-02-04T17:33:54","modified_gmt":"2025-02-04T16:33:54","slug":"4-februar-community-choreografie-coffee-first","status":"publish","type":"page","link":"https:\/\/www.swingnblues-wuerzburg.de\/index.php\/4-februar-community-choreografie-coffee-first\/","title":{"rendered":"4. Februar: Community-Choreografie &#8222;Coffee first&#8220;"},"content":{"rendered":"\n<p>Hast Du schon mal gesehen, wie beim Song &#8222;Taint what you do&#8220; viele Leute auf die Tanzfl\u00e4che laufen, um gemeinsam den Shim Sham zu tanzen? Dasselbe wollen wir f\u00fcr unsere lokale Szene mit Lindy Hop und einer lokalen Lindy Hop-Choreografie zum Song &#8222;Coffee first&#8220; erreichen.<\/p>\n\n\n\n<p class=\"has-text-align-center\">Die Choreo ist eine Choreo aus der Community f\u00fcr die Community.<\/p>\n\n\n\n<p>Den Song habt Ihr gemeinsam vergangenes Jahr zu &#8222;unserem Lied&#8220; der W\u00fcrzburger Swingtanzszene gew\u00e4hlt. Unsere neu gegr\u00fcndete Choreo-Gruppe hat mit acht Personen dazu eine Figurenfolge entwickelt. Die wollen wir nun in gr\u00f6\u00dfe Runde bringen. In der Hoffnung, dass irgendwann viele Menschen auf die Tanzfl\u00e4che laufen, wenn das Lied &#8222;Coffee first&#8220; von Bj\u00f6rn Bergmann ert\u00f6nt.<\/p>\n\n\n\n<p>Daf\u00fcr gibt es einen ersten Termin: <br><strong>4. Februar, 19.00-21.00 Uhr<\/strong><br><strong>Ort:<\/strong> Max-Planck-Stra\u00dfe 10 Zellerau<br><strong>Preis: <\/strong>F\u00fcr Mitglieder kostenlos. Sonst Pay what you want &amp; can, Richtwert 10-20 Euro.<\/p>\n\n\n\n<p>Wichtig: Die Choreografie enth\u00e4lt keine schwierigen Figuren! Sie soll von allen tanzbar sein. Zugegeben &#8211; etwas tricky ist, dass wir Partnerwechseln eingebaut haben. Aber was w\u00e4re Lindy Hop ohne Partnerwechsel?<\/p>\n\n\n\n<p>Du kannst sie lernen, wenn Du mindestens seit ein paar Wochen im Basiskurs tanzt. <br>Es ist hilfreich, wenn Du Figuren wie Cuddle, Mini-Dip und Sailor-Kicks kennst, aber kein Muss.<\/p>\n\n\n\n<p class=\"has-text-align-center\">Hast Du Lust mitzumachen? Dann melde Dich kurz via E-Mail an info@swingnblues-wuerzburg.de an.<\/p>\n","protected":false},"excerpt":{"rendered":"<p>Hast Du schon mal gesehen, wie beim Song &#8222;Taint what you do&#8220; viele Leute auf die Tanzfl\u00e4che laufen, um gemeinsam den Shim [&hellip;]<\/p>\n","protected":false},"author":2,"featured_media":4600,"parent":0,"menu_order":0,"comment_status":"closed","ping_status":"closed","template":"page-templates\/page_fullwidth.php","meta":{"footnotes":""},"class_list":["post-4599","page","type-page","status-publish","has-post-thumbnail","hentry"],"featured_image_src":"https:\/\/www.swingnblues-wuerzburg.de\/wp-content\/uploads\/2025\/01\/coffee-first.png","_links":{"self":[{"href":"https:\/\/www.swingnblues-wuerzburg.de\/index.php\/wp-json\/wp\/v2\/pages\/4599","targetHints":{"allow":["GET"]}}],"collection":[{"href":"https:\/\/www.swingnblues-wuerzburg.de\/index.php\/wp-json\/wp\/v2\/pages"}],"about":[{"href":"https:\/\/www.swingnblues-wuerzburg.de\/index.php\/wp-json\/wp\/v2\/types\/page"}],"author":[{"embeddable":true,"href":"https:\/\/www.swingnblues-wuerzburg.de\/index.php\/wp-json\/wp\/v2\/users\/2"}],"replies":[{"embeddable":true,"href":"https:\/\/www.swingnblues-wuerzburg.de\/index.php\/wp-json\/wp\/v2\/comments?post=4599"}],"version-history":[{"count":4,"href":"https:\/\/www.swingnblues-wuerzburg.de\/index.php\/wp-json\/wp\/v2\/pages\/4599\/revisions"}],"predecessor-version":[{"id":4677,"href":"https:\/\/www.swingnblues-wuerzburg.de\/index.php\/wp-json\/wp\/v2\/pages\/4599\/revisions\/4677"}],"wp:featuredmedia":[{"embeddable":true,"href":"https:\/\/www.swingnblues-wuerzburg.de\/index.php\/wp-json\/wp\/v2\/media\/4600"}],"wp:attachment":[{"href":"https:\/\/www.swingnblues-wuerzburg.de\/index.php\/wp-json\/wp\/v2\/media?parent=4599"}],"curies":[{"name":"wp","href":"https:\/\/api.w.org\/{rel}","templated":true}]}}