{"id":3856,"date":"2024-07-25T17:36:08","date_gmt":"2024-07-25T15:36:08","guid":{"rendered":"https:\/\/www.swingnblues-wuerzburg.de\/?page_id=3856"},"modified":"2024-08-04T13:02:56","modified_gmt":"2024-08-04T11:02:56","slug":"sommerprogramm-all-level-specials-7-8-4-9","status":"publish","type":"page","link":"https:\/\/www.swingnblues-wuerzburg.de\/index.php\/sommerprogramm-all-level-specials-7-8-4-9\/","title":{"rendered":"Sommerprogramm: All-Level-Lindy-Hop-Specials (7.8.-4.9.)"},"content":{"rendered":"\n<p><strong>All-Level-Special-Kurs mittwochs, 19:00-20:00 Uhr<\/strong>, anschlie\u00dfend Social Dance<\/p>\n\n\n\n<p>In diesesen Sommerferien wollen wir uns mittwochs mit Lindy Hop-T\u00e4nzer*innen aller Level treffen \u2013 egal ob Du schon lange tanzt oder nur Grundkennnisse hast. Wir werden Lindy Hop-Spielereien machen, die f\u00fcr alle interessant sind, oder auch mal Figuren zeigen, die f\u00fcr manche neu sind und f\u00fcr andere Wiederholung.<\/p>\n\n\n\n<p>Die genauen Themen der Woche kannst Du kurz vorher im <a href=\"https:\/\/www.swingnblues-wuerzburg.de\/index.php\/veranstaltungen\/\">Veranstaltungskalender<\/a> und in unserer WhatsApp-Gruppe sehen.<\/p>\n\n\n\n<p>Keine Anmeldung n\u00f6tig. Kein*e Tanzpartner*in n\u00f6tig.<\/p>\n\n\n\n<p>Du solltest mindestens Grundkenntnisse haben (mindestens Schnupperstunde). Ein neuer Basiskurs f\u00fcr Anf\u00e4nger*innen startet am 11. September.<\/p>\n\n\n\n<p><strong>Adresse <\/strong><a href=\"https:\/\/www.kleks-kultur.de\/\" target=\"_blank\" rel=\"noreferrer noopener\"><\/a><strong>Sommerprogramm:<\/strong><br><a href=\"https:\/\/www.kleks-kultur.de\/\" target=\"_blank\" rel=\"noreferrer noopener\">K.L.E.K.S<\/a> in <strong>Gromb\u00fchl<\/strong><br><strong>Matterstockstra\u00dfe 32.<\/strong><br>97080 W\u00fcrzburg<br>Anfahrt: Mit Straba von der Innenstadt kommend Haltestelle \u201cWagnerplatz\u201d, Richtung Innenstadtfahrend \u201cSt Josef Kirche\u201d. Autoparken ist u.a. m\u00f6glich in den Parkh\u00e4usern \u201cAn den Universit\u00e4tskliniken\u201d und \u201cGromb\u00fchlstra\u00dfe\u201d am Europastern.<\/p>\n\n\n\n<figure class=\"wp-block-image\"><img loading=\"lazy\" decoding=\"async\" width=\"1024\" height=\"421\" src=\"https:\/\/www.swingnblues-wuerzburg.de\/wp-content\/uploads\/2023\/09\/kleks_parken_neu-1024x421.jpg\" alt=\"\" class=\"wp-image-2899\" srcset=\"https:\/\/www.swingnblues-wuerzburg.de\/wp-content\/uploads\/2023\/09\/kleks_parken_neu-1024x421.jpg 1024w, https:\/\/www.swingnblues-wuerzburg.de\/wp-content\/uploads\/2023\/09\/kleks_parken_neu-300x123.jpg 300w, https:\/\/www.swingnblues-wuerzburg.de\/wp-content\/uploads\/2023\/09\/kleks_parken_neu-768x316.jpg 768w, https:\/\/www.swingnblues-wuerzburg.de\/wp-content\/uploads\/2023\/09\/kleks_parken_neu-1000x412.jpg 1000w, https:\/\/www.swingnblues-wuerzburg.de\/wp-content\/uploads\/2023\/09\/kleks_parken_neu-230x95.jpg 230w, https:\/\/www.swingnblues-wuerzburg.de\/wp-content\/uploads\/2023\/09\/kleks_parken_neu-350x144.jpg 350w, https:\/\/www.swingnblues-wuerzburg.de\/wp-content\/uploads\/2023\/09\/kleks_parken_neu-480x198.jpg 480w, https:\/\/www.swingnblues-wuerzburg.de\/wp-content\/uploads\/2023\/09\/kleks_parken_neu.jpg 1159w\" sizes=\"auto, (max-width: 1024px) 100vw, 1024px\" \/><\/figure>\n","protected":false},"excerpt":{"rendered":"<p>All-Level-Special-Kurs mittwochs, 19:00-20:00 Uhr, anschlie\u00dfend Social Dance In diesesen Sommerferien wollen wir uns mittwochs mit Lindy Hop-T\u00e4nzer*innen aller Level treffen \u2013 egal [&hellip;]<\/p>\n","protected":false},"author":2,"featured_media":3853,"parent":0,"menu_order":0,"comment_status":"closed","ping_status":"closed","template":"page-templates\/page_fullwidth.php","meta":{"footnotes":""},"class_list":["post-3856","page","type-page","status-publish","has-post-thumbnail","hentry"],"featured_image_src":"https:\/\/www.swingnblues-wuerzburg.de\/wp-content\/uploads\/2024\/07\/All-level-specials.png","_links":{"self":[{"href":"https:\/\/www.swingnblues-wuerzburg.de\/index.php\/wp-json\/wp\/v2\/pages\/3856","targetHints":{"allow":["GET"]}}],"collection":[{"href":"https:\/\/www.swingnblues-wuerzburg.de\/index.php\/wp-json\/wp\/v2\/pages"}],"about":[{"href":"https:\/\/www.swingnblues-wuerzburg.de\/index.php\/wp-json\/wp\/v2\/types\/page"}],"author":[{"embeddable":true,"href":"https:\/\/www.swingnblues-wuerzburg.de\/index.php\/wp-json\/wp\/v2\/users\/2"}],"replies":[{"embeddable":true,"href":"https:\/\/www.swingnblues-wuerzburg.de\/index.php\/wp-json\/wp\/v2\/comments?post=3856"}],"version-history":[{"count":2,"href":"https:\/\/www.swingnblues-wuerzburg.de\/index.php\/wp-json\/wp\/v2\/pages\/3856\/revisions"}],"predecessor-version":[{"id":3904,"href":"https:\/\/www.swingnblues-wuerzburg.de\/index.php\/wp-json\/wp\/v2\/pages\/3856\/revisions\/3904"}],"wp:featuredmedia":[{"embeddable":true,"href":"https:\/\/www.swingnblues-wuerzburg.de\/index.php\/wp-json\/wp\/v2\/media\/3853"}],"wp:attachment":[{"href":"https:\/\/www.swingnblues-wuerzburg.de\/index.php\/wp-json\/wp\/v2\/media?parent=3856"}],"curies":[{"name":"wp","href":"https:\/\/api.w.org\/{rel}","templated":true}]}}