{"id":2310,"date":"2023-04-12T10:55:02","date_gmt":"2023-04-12T08:55:02","guid":{"rendered":"https:\/\/www.swingnblues-wuerzburg.de\/?page_id=2310"},"modified":"2023-04-12T10:58:58","modified_gmt":"2023-04-12T08:58:58","slug":"shim-sham-workshop_april2023","status":"publish","type":"page","link":"https:\/\/www.swingnblues-wuerzburg.de\/index.php\/shim-sham-workshop_april2023\/","title":{"rendered":"30. April: Shim Sham-Workshop (vorm Tea Dance)"},"content":{"rendered":"\n<p>Es ist wieder soweit: Wir zeigen wieder, dass der Shim Sham eine eigentlich ganz leichte, aber dennoch spa\u00dfige und wichtige Swingtanz-Choreografie ist. <\/p>\n\n\n\n<p><strong><mark style=\"background-color:rgba(0, 0, 0, 0);color:#a90519\" class=\"has-inline-color\">Lerne &#8222;die&#8220; Routine aller<\/mark><mark style=\"background-color:rgba(0, 0, 0, 0)\" class=\"has-inline-color has-black-color\"> <\/mark><mark style=\"background-color:rgba(0, 0, 0, 0);color:#a90519\" class=\"has-inline-color\">Lindy-T\u00e4nzer*innen an nur einem Nachmittag! Auch f\u00fcr Neueinsteiger:innen ohne Vorkenntnisse in Lindy Hop, Solo-Jazz oder anderen (Swing-)T\u00e4nzen geeignet.<\/mark><\/strong><\/p>\n\n\n\n<p>Der Shim Sham ist eigentlich eine Choreografie f\u00fcr Solo-T\u00e4nzer:innen aus dem Stepptanz, wird aber weltweit in abgewandelter Form von Swing-T\u00e4nzer:innen getanzt.<strong> Wenn Du diese Linedance-Schrittfolge kennst, kannst Du bei jedem Social Dance auf der Welt sofort mit auf die Tanzfl\u00e4che st\u00fcrmen, sobald die bekannten Shim Sham-Lieder kommen. <\/strong>Der Shim Sham wird oft zum Lied &#8222;\u00b4Tain&#8217;t what you do&#8220; getanzt. <\/p>\n\n\n\n<p>Durch den Shim Sham lernst Du zugleich einige Solo Jazz-Schritte kennen, die du auch in den Lindy-Paartanz einbauen kannst.<\/p>\n\n\n\n<p><mark style=\"background-color:rgba(0, 0, 0, 0);color:#a37900\" class=\"has-inline-color\">Uhrzeit: 30. April 2023, 14:00 Uhr bis 16:00 Uhr (anschlie\u00dfend Tea Dance)<br>Ort: Atelier Templiner, <mark style=\"background-color:rgba(0, 0, 0, 0);color:#a37900\" class=\"has-inline-color\">Mainaustra\u00dfe 50, 97082 W\u00fcrzburg<\/mark><\/mark><\/p>\n\n\n\n<p><mark style=\"background-color:rgba(0, 0, 0, 0);color:#a37900\" class=\"has-inline-color\">Teacher: Michael<\/mark><\/p>\n\n\n\n<p><mark style=\"background-color:rgba(0, 0, 0, 0);color:#a37900\" class=\"has-inline-color\">Preis: &#8222;Pay what you want &amp; can&#8220;, sprich nach eigenem Ermessen<br>Drop in-Workshop: <\/mark>Einfach vorbeikommen und mittanzen. Keine Anmeldung n\u00f6tig. <\/p>\n\n\n\n<p>Hier bekommst Du ein paar Eindr\u00fccke vom Shim Sham (Wenn die Videos nicht richtig angezeigt werden, einfach auf &#8222;Bei YouTube ansehen&#8220; klicken):<\/p>\n\n\n\n<figure class=\"wp-block-embed is-type-video is-provider-youtube wp-block-embed-youtube wp-embed-aspect-16-9 wp-has-aspect-ratio\"><div class=\"wp-block-embed__wrapper\">\n<iframe loading=\"lazy\" title=\"Tain&#039;t What You Do \u272a Shim Sham \u2022 \u2022 2018 Plenty Hot \u2022 \u2022 Heart of Dixie\" width=\"1170\" height=\"658\" src=\"https:\/\/www.youtube.com\/embed\/nCNVYvDDkts?feature=oembed\" frameborder=\"0\" allow=\"accelerometer; autoplay; clipboard-write; encrypted-media; gyroscope; picture-in-picture\" allowfullscreen><\/iframe>\n<\/div><\/figure>\n\n\n\n<figure class=\"wp-block-embed is-type-video is-provider-youtube wp-block-embed-youtube wp-embed-aspect-4-3 wp-has-aspect-ratio\"><div class=\"wp-block-embed__wrapper\">\n<iframe loading=\"lazy\" title=\"Shim Sham\" width=\"1170\" height=\"878\" src=\"https:\/\/www.youtube.com\/embed\/bjfM4Wrj9UI?feature=oembed\" frameborder=\"0\" allow=\"accelerometer; autoplay; clipboard-write; encrypted-media; gyroscope; picture-in-picture\" allowfullscreen><\/iframe>\n<\/div><\/figure>\n\n\n\n<figure class=\"wp-block-embed is-type-video is-provider-youtube wp-block-embed-youtube wp-embed-aspect-4-3 wp-has-aspect-ratio\"><div class=\"wp-block-embed__wrapper\">\n<iframe loading=\"lazy\" title=\"Global Shim Sham for Frankie\" width=\"1170\" height=\"878\" src=\"https:\/\/www.youtube.com\/embed\/g_k_BIA_unI?feature=oembed\" frameborder=\"0\" allow=\"accelerometer; autoplay; clipboard-write; encrypted-media; gyroscope; picture-in-picture\" allowfullscreen><\/iframe>\n<\/div><\/figure>\n","protected":false},"excerpt":{"rendered":"<p>Es ist wieder soweit: Wir zeigen wieder, dass der Shim Sham eine eigentlich ganz leichte, aber dennoch spa\u00dfige und wichtige Swingtanz-Choreografie ist. [&hellip;]<\/p>\n","protected":false},"author":2,"featured_media":887,"parent":0,"menu_order":0,"comment_status":"closed","ping_status":"closed","template":"page-templates\/page_fullwidth.php","meta":{"footnotes":""},"class_list":["post-2310","page","type-page","status-publish","has-post-thumbnail","hentry"],"featured_image_src":"https:\/\/www.swingnblues-wuerzburg.de\/wp-content\/uploads\/2022\/01\/Shim-Sham-Collage-Pic.jpg","_links":{"self":[{"href":"https:\/\/www.swingnblues-wuerzburg.de\/index.php\/wp-json\/wp\/v2\/pages\/2310","targetHints":{"allow":["GET"]}}],"collection":[{"href":"https:\/\/www.swingnblues-wuerzburg.de\/index.php\/wp-json\/wp\/v2\/pages"}],"about":[{"href":"https:\/\/www.swingnblues-wuerzburg.de\/index.php\/wp-json\/wp\/v2\/types\/page"}],"author":[{"embeddable":true,"href":"https:\/\/www.swingnblues-wuerzburg.de\/index.php\/wp-json\/wp\/v2\/users\/2"}],"replies":[{"embeddable":true,"href":"https:\/\/www.swingnblues-wuerzburg.de\/index.php\/wp-json\/wp\/v2\/comments?post=2310"}],"version-history":[{"count":3,"href":"https:\/\/www.swingnblues-wuerzburg.de\/index.php\/wp-json\/wp\/v2\/pages\/2310\/revisions"}],"predecessor-version":[{"id":2314,"href":"https:\/\/www.swingnblues-wuerzburg.de\/index.php\/wp-json\/wp\/v2\/pages\/2310\/revisions\/2314"}],"wp:featuredmedia":[{"embeddable":true,"href":"https:\/\/www.swingnblues-wuerzburg.de\/index.php\/wp-json\/wp\/v2\/media\/887"}],"wp:attachment":[{"href":"https:\/\/www.swingnblues-wuerzburg.de\/index.php\/wp-json\/wp\/v2\/media?parent=2310"}],"curies":[{"name":"wp","href":"https:\/\/api.w.org\/{rel}","templated":true}]}}